{"id":176,"date":"2025-12-19T04:51:07","date_gmt":"2025-12-19T04:51:07","guid":{"rendered":"https:\/\/gj.derechomexico.com\/?page_id=176"},"modified":"2025-12-19T04:59:45","modified_gmt":"2025-12-19T04:59:45","slug":"peritajes","status":"publish","type":"page","link":"https:\/\/gj.derechomexico.com\/index.php\/peritajes\/","title":{"rendered":"PERITAJES"},"content":{"rendered":"<p>[et_pb_section fb_built=\u00bb1&#8243; _builder_version=\u00bb4.27.5&#8243; _module_preset=\u00bbdefault\u00bb global_colors_info=\u00bb{}\u00bb theme_builder_area=\u00bbpost_content\u00bb][et_pb_row _builder_version=\u00bb4.27.5&#8243; _module_preset=\u00bbdefault\u00bb global_colors_info=\u00bb{}\u00bb theme_builder_area=\u00bbpost_content\u00bb][et_pb_column type=\u00bb4_4&#8243; _builder_version=\u00bb4.27.5&#8243; _module_preset=\u00bbdefault\u00bb global_colors_info=\u00bb{}\u00bb theme_builder_area=\u00bbpost_content\u00bb][et_pb_heading title=\u00bbServicios en materia de PERITAJES\u00bb _builder_version=\u00bb4.27.5&#8243; _module_preset=\u00bbdefault\u00bb global_colors_info=\u00bb{}\u00bb theme_builder_area=\u00bbpost_content\u00bb][\/et_pb_heading][\/et_pb_column][\/et_pb_row][et_pb_row column_structure=\u00bb1_2,1_2&#8243; _builder_version=\u00bb4.27.5&#8243; _module_preset=\u00bbdefault\u00bb global_colors_info=\u00bb{}\u00bb theme_builder_area=\u00bbpost_content\u00bb][et_pb_column type=\u00bb1_2&#8243; _builder_version=\u00bb4.27.5&#8243; _module_preset=\u00bbdefault\u00bb global_colors_info=\u00bb{}\u00bb theme_builder_area=\u00bbpost_content\u00bb][et_pb_text _builder_version=\u00bb4.27.5&#8243; _module_preset=\u00bbdefault\u00bb global_colors_info=\u00bb{}\u00bb theme_builder_area=\u00bbpost_content\u00bb]<\/p>\n<h1><span>\u00bfQu\u00e9 es un Informe Pericial?<\/span><\/h1>\n<p><span>El informe pericial es el documento redactado por el perito inform\u00e1tico, en el que se exponen las conclusiones obtenidas por el experto, tras la<strong> investigaci\u00f3n<\/strong> de un caso <strong>que involucre controversia y que requiera precisar, determinar y fundamentar con hechos cient\u00edficos la verdad. <\/strong><\/span><\/p>\n<p><span>El Informe pericial debe incluir:<\/span><\/p>\n<ul>\n<li><span>Los datos del cliente.<\/span><\/li>\n<li><span>Los objetivos de la investigaci\u00f3n.<\/span><\/li>\n<li><span>La declaraci\u00f3n previa del <strong>perito inform\u00e1tico<\/strong>, en la que se establecen los principios de profesionalidad, veracidad e independencia.<\/span><\/li>\n<li><span>Documentaci\u00f3n sobre el proceso de adquisici\u00f3n de pruebas.<\/span><\/li>\n<li><span>Detalle de las acciones que el perito inform\u00e1tico lleva a cabo durante la investigaci\u00f3n.<\/span><\/li>\n<li><span>Resultados de la <strong>investigaci\u00f3n inform\u00e1tica<\/strong> y conclusiones.<\/span><\/li>\n<\/ul>\n<p>[\/et_pb_text][\/et_pb_column][et_pb_column type=\u00bb1_2&#8243; _builder_version=\u00bb4.27.5&#8243; _module_preset=\u00bbdefault\u00bb global_colors_info=\u00bb{}\u00bb theme_builder_area=\u00bbpost_content\u00bb][et_pb_text _builder_version=\u00bb4.27.5&#8243; _module_preset=\u00bbdefault\u00bb global_colors_info=\u00bb{}\u00bb theme_builder_area=\u00bbpost_content\u00bb]<\/p>\n<p><span>La elaboraci\u00f3n del informe consta a su vez de tres fases:<\/span><\/p>\n<ol>\n<li><span>Fase de adquisici\u00f3n de las pruebas: <\/span><\/li>\n<\/ol>\n<p><span>Recogida de todos elementos que van a intervenir en la investigaci\u00f3n. Es importante que el proceso de intervenci\u00f3n de los equipos inform\u00e1ticos se lleve a cabo con todas las garant\u00edas para las partes. La documentaci\u00f3n del proceso de adquisici\u00f3n de las pruebas es una informaci\u00f3n que debe formar parte del <strong>informe pericial<\/strong>.<\/span><\/p>\n<ol>\n<li><span>Fase de la investigaci\u00f3n: <\/span><\/li>\n<\/ol>\n<p><span>El perito realiza un an\u00e1lisis exhaustivo de los hechos, en busca de todos aquellos elementos que puedan constituir y fundamentar la prueba o evidencia del caso en cuesti\u00f3n.<\/span><\/p>\n<p><span>Constar\u00e1n en el informe todos las acciones realizadas durante la fase de investigaci\u00f3n, como las herramientas empleadas para la adquisici\u00f3n de la evidencia, el detalle y resultado de los procesos<\/span><\/p>\n<ol>\n<li><span>Fase de elaboraci\u00f3n de la memoria. <\/span><\/li>\n<\/ol>\n<p><span>Tras un minucioso estudio el perito analiza los resultados obtenidos con el fin de extraer las conclusiones finales de la investigaci\u00f3n.<\/span><\/p>\n<p><span>En esta \u00faltima fase, el perito recopila la informaci\u00f3n que ha obtenido durante todo el proceso de investigaci\u00f3n y redacta el informe o memoria que se presentar\u00e1 ante los Juzgados.\u00a0<\/span><\/p>\n<ol><\/ol>\n<p>[\/et_pb_text][\/et_pb_column][\/et_pb_row][\/et_pb_section]<\/p>\n","protected":false},"excerpt":{"rendered":"<p>\u00bfQu\u00e9 es un Informe Pericial? El informe pericial es el documento redactado por el perito inform\u00e1tico, en el que se exponen las conclusiones obtenidas por el experto, tras la investigaci\u00f3n de un caso que involucre controversia y que requiera precisar, determinar y fundamentar con hechos cient\u00edficos la verdad. El Informe pericial debe incluir: Los datos [&hellip;]<\/p>\n","protected":false},"author":1,"featured_media":0,"parent":0,"menu_order":0,"comment_status":"closed","ping_status":"closed","template":"","meta":{"_et_pb_use_builder":"on","_et_pb_old_content":"","_et_gb_content_width":"","footnotes":""},"class_list":["post-176","page","type-page","status-publish","hentry"],"_links":{"self":[{"href":"https:\/\/gj.derechomexico.com\/index.php\/wp-json\/wp\/v2\/pages\/176","targetHints":{"allow":["GET"]}}],"collection":[{"href":"https:\/\/gj.derechomexico.com\/index.php\/wp-json\/wp\/v2\/pages"}],"about":[{"href":"https:\/\/gj.derechomexico.com\/index.php\/wp-json\/wp\/v2\/types\/page"}],"author":[{"embeddable":true,"href":"https:\/\/gj.derechomexico.com\/index.php\/wp-json\/wp\/v2\/users\/1"}],"replies":[{"embeddable":true,"href":"https:\/\/gj.derechomexico.com\/index.php\/wp-json\/wp\/v2\/comments?post=176"}],"version-history":[{"count":3,"href":"https:\/\/gj.derechomexico.com\/index.php\/wp-json\/wp\/v2\/pages\/176\/revisions"}],"predecessor-version":[{"id":190,"href":"https:\/\/gj.derechomexico.com\/index.php\/wp-json\/wp\/v2\/pages\/176\/revisions\/190"}],"wp:attachment":[{"href":"https:\/\/gj.derechomexico.com\/index.php\/wp-json\/wp\/v2\/media?parent=176"}],"curies":[{"name":"wp","href":"https:\/\/api.w.org\/{rel}","templated":true}]}}