{"id":155,"date":"2025-12-19T04:41:13","date_gmt":"2025-12-19T04:41:13","guid":{"rendered":"https:\/\/gj.derechomexico.com\/?page_id=155"},"modified":"2025-12-19T04:42:23","modified_gmt":"2025-12-19T04:42:23","slug":"derecho-penal","status":"publish","type":"page","link":"https:\/\/gj.derechomexico.com\/index.php\/derecho-penal\/","title":{"rendered":"DERECHO PENAL"},"content":{"rendered":"<p>[et_pb_section fb_built=\u00bb1&#8243; _builder_version=\u00bb4.27.5&#8243; _module_preset=\u00bbdefault\u00bb global_colors_info=\u00bb{}\u00bb theme_builder_area=\u00bbpost_content\u00bb][et_pb_row _builder_version=\u00bb4.27.5&#8243; _module_preset=\u00bbdefault\u00bb global_colors_info=\u00bb{}\u00bb theme_builder_area=\u00bbpost_content\u00bb][et_pb_column type=\u00bb4_4&#8243; _builder_version=\u00bb4.27.5&#8243; _module_preset=\u00bbdefault\u00bb global_colors_info=\u00bb{}\u00bb theme_builder_area=\u00bbpost_content\u00bb][et_pb_heading title=\u00bbServicios en materia de Derecho Penal\u00bb _builder_version=\u00bb4.27.5&#8243; _module_preset=\u00bbdefault\u00bb global_colors_info=\u00bb{}\u00bb theme_builder_area=\u00bbpost_content\u00bb][\/et_pb_heading][\/et_pb_column][\/et_pb_row][et_pb_row column_structure=\u00bb1_2,1_2&#8243; _builder_version=\u00bb4.27.5&#8243; _module_preset=\u00bbdefault\u00bb global_colors_info=\u00bb{}\u00bb theme_builder_area=\u00bbpost_content\u00bb][et_pb_column type=\u00bb1_2&#8243; _builder_version=\u00bb4.27.5&#8243; _module_preset=\u00bbdefault\u00bb global_colors_info=\u00bb{}\u00bb theme_builder_area=\u00bbpost_content\u00bb][et_pb_text _builder_version=\u00bb4.27.5&#8243; _module_preset=\u00bbdefault\u00bb global_colors_info=\u00bb{}\u00bb theme_builder_area=\u00bbpost_content\u00bb]<\/p>\n<p><span>Le ofrecemos asistencia en derecho penal y penitenciario, ante cualquier tribunal, materia en la que es necesaria la atenci\u00f3n oportuna y el manejo del conflicto en tiempo real, asesorando al cliente ante la autoridad ministerial, para un eficiente manejo y posterior conclusi\u00f3n positiva del asunto que se encomiende, lo anterior tomando en consideraci\u00f3n que, los primeros momentos en los conflictos penales son los que determinan en la mayor\u00eda de los casos, los resultados pretendidos en beneficio de nuestro cliente.Algunos de nuestros servicios son:<\/span><\/p>\n<p>[\/et_pb_text][\/et_pb_column][et_pb_column type=\u00bb1_2&#8243; _builder_version=\u00bb4.27.5&#8243; _module_preset=\u00bbdefault\u00bb global_colors_info=\u00bb{}\u00bb theme_builder_area=\u00bbpost_content\u00bb][et_pb_text _builder_version=\u00bb4.27.5&#8243; _module_preset=\u00bbdefault\u00bb global_colors_info=\u00bb{}\u00bb theme_builder_area=\u00bbpost_content\u00bb]<\/p>\n<ul>\n<li><span>Fianzas, para garantizar la reparaci\u00f3n del da\u00f1o<\/span><\/li>\n<li><span>Averiguaci\u00f3n previa, proceso penal<\/span><\/li>\n<li><span>Libertades provicionales<\/span><\/li>\n<li><span>Visitas conyugales<\/span><\/li>\n<li><span>Contra la Vida y la Integridad Corporal (homicidio, lesiones, etc.)<br \/>Contra la Libertad Personal (privaci\u00f3n de la libertad, secuestro, desaparici\u00f3n forzada de personas, etc.)<br \/>Contra la Libertad\u00a0 y la Seguridad Sexual (violaci\u00f3n, abuso sexual, hostigamiento sexual, estupro, incesto)<br \/>Contra el Libre Desarrollo de la Personalidad cometidos en contra de las Personas mayores y menores de dieciocho a\u00f1os de edad (corrupci\u00f3n de menores, turismo sexual, pornograf\u00eda, trata de personas, etc.)<br \/>Contra el Cumplimiento de la Obligaci\u00f3n Alimentaria.<br \/>Contra un Integrante de la Familia (violencia familiar)<br \/>Contra la Filiaci\u00f3n y la Instituci\u00f3n del Matrimonio (estado civil y bigamia).<br \/>Contra la Dignidad de las Personas (discriminaci\u00f3n, denuncias falsas)<br \/>Contra la Paz y la Seguridad de las Personas (allanamiento de morada)<br \/>Revelaci\u00f3n de Secretos<br \/>Contra el Patrimonio (robo, abuso de confianza, fraude, administraci\u00f3n fraudulenta, insolvencia fraudulenta en perjuicio de acreedores, extorsi\u00f3n, despojo, da\u00f1o a la propiedad, encubrimiento por receptaci\u00f3n [compra o venta de productos robados])<br \/>Operaciones con Recursos de Procedencia Il\u00edcita.<br \/>Contra el Servicio P\u00fablico cometidos por Servidores P\u00fablicos (abuso de autoridad, intimidaci\u00f3n, tr\u00e1fico de influencia, cohecho, peculado, enriquecimiento il\u00edcito, usurpaci\u00f3n de funciones, etc.)<br \/>Contra el Servicio P\u00fablico cometido por Particulares (resistencia de particulares, quebrantamiento de sellos, ultrajes a la autoridad, evasi\u00f3n de presos, etc.)<br \/>Cometidos por Particulares ante el Ministerio P\u00fablico, autoridad Judicial o Administrativa (fraude procesal, falsedad ante autoridades, simulaci\u00f3n de pruebas, encubrimiento, etc.)<br \/>Contra el Ambiente y la Gesti\u00f3n Ambiental Medio ambiente.<\/span><\/li>\n<li><span>Fiscales<\/span><\/li>\n<li><span>\u00a0<\/span><\/li>\n<li><span>Elaboraci\u00f3n de Denuncias y Coadyuvar con el Ministerio P\u00fablico y ante los diversos Tribunales, para obtener la sanci\u00f3n mas alta y la reparaci\u00f3n del da\u00f1o del ofendido.<\/span><\/li>\n<li><span>Denuncias falsas<\/span><\/li>\n<li><span>\u00a0<br \/>La defensa de personas desde las etapas de Averiguaci\u00f3n Previa en el Ministerio P\u00fablico y en Juzgados Penales, recursos (de apelaci\u00f3n) y amparos. Muy pronto en Juicios Orales.<br \/>Peritajes en Hechos de Tr\u00e1nsito Terrestre<\/span><\/li>\n<\/ul>\n<p>[\/et_pb_text][\/et_pb_column][\/et_pb_row][et_pb_row column_structure=\u00bb1_2,1_2&#8243; _builder_version=\u00bb4.27.5&#8243; _module_preset=\u00bbdefault\u00bb global_colors_info=\u00bb{}\u00bb theme_builder_area=\u00bbpost_content\u00bb][et_pb_column type=\u00bb1_2&#8243; _builder_version=\u00bb4.27.5&#8243; _module_preset=\u00bbdefault\u00bb global_colors_info=\u00bb{}\u00bb theme_builder_area=\u00bbpost_content\u00bb][\/et_pb_column][et_pb_column type=\u00bb1_2&#8243; _builder_version=\u00bb4.27.5&#8243; _module_preset=\u00bbdefault\u00bb global_colors_info=\u00bb{}\u00bb theme_builder_area=\u00bbpost_content\u00bb][et_pb_text _builder_version=\u00bb4.27.5&#8243; _module_preset=\u00bbdefault\u00bb global_colors_info=\u00bb{}\u00bb theme_builder_area=\u00bbpost_content\u00bb]<\/p>\n<ul>\n<li><span>Fianzas: para garantizar la reparaci\u00f3n del da\u00f1o<\/span><\/li>\n<li><span>Averiguaci\u00f3n previa, proceso penal<\/span><\/li>\n<li><span>Libertad provisional<\/span><\/li>\n<li><span>Visitas conyugales<\/span><\/li>\n<li><span>Homicidio, lesiones\u2026<\/span><\/li>\n<li><span>Privaci\u00f3n de la libertad, secuestro\u2026<\/span><\/li>\n<li><span>Violaci\u00f3n, abuso, hostigamiento, estupro\u2026<\/span><\/li>\n<li><span>Incumplimiento de la Obligaci\u00f3n Alimentaria.<\/span><\/li>\n<li><span>Violencia familiar<\/span><\/li>\n<li><span>Discriminaci\u00f3n, denuncias falsas\u2026<\/span><\/li>\n<li><span>Allanamiento de morada<\/span><\/li>\n<li><span>Revelaci\u00f3n de Secretos<\/span><\/li>\n<li><span>Robo, abuso de confianza, fraude, despojo, da\u00f1o a la propiedad\u2026<\/span><\/li>\n<li><span>Abuso de autoridad, intimidaci\u00f3n\u2026<\/span><\/li>\n<li><span>Resistencia de particulares, quebrantamiento de sellos\u2026<\/span><\/li>\n<li><span>Fraude procesal, falsedad ante autoridades, simulaci\u00f3n de pruebas, encubrimiento\u2026<\/span><\/li>\n<li><span>Elaboraci\u00f3n de Denuncias<\/span><\/li>\n<li><span>Recursos y amparos<\/span><\/li>\n<\/ul>\n<p>[\/et_pb_text][\/et_pb_column][\/et_pb_row][\/et_pb_section]<\/p>\n","protected":false},"excerpt":{"rendered":"<p>Le ofrecemos asistencia en derecho penal y penitenciario, ante cualquier tribunal, materia en la que es necesaria la atenci\u00f3n oportuna y el manejo del conflicto en tiempo real, asesorando al cliente ante la autoridad ministerial, para un eficiente manejo y posterior conclusi\u00f3n positiva del asunto que se encomiende, lo anterior tomando en consideraci\u00f3n que, los [&hellip;]<\/p>\n","protected":false},"author":1,"featured_media":0,"parent":0,"menu_order":0,"comment_status":"closed","ping_status":"closed","template":"","meta":{"_et_pb_use_builder":"on","_et_pb_old_content":"","_et_gb_content_width":"","footnotes":""},"class_list":["post-155","page","type-page","status-publish","hentry"],"_links":{"self":[{"href":"https:\/\/gj.derechomexico.com\/index.php\/wp-json\/wp\/v2\/pages\/155","targetHints":{"allow":["GET"]}}],"collection":[{"href":"https:\/\/gj.derechomexico.com\/index.php\/wp-json\/wp\/v2\/pages"}],"about":[{"href":"https:\/\/gj.derechomexico.com\/index.php\/wp-json\/wp\/v2\/types\/page"}],"author":[{"embeddable":true,"href":"https:\/\/gj.derechomexico.com\/index.php\/wp-json\/wp\/v2\/users\/1"}],"replies":[{"embeddable":true,"href":"https:\/\/gj.derechomexico.com\/index.php\/wp-json\/wp\/v2\/comments?post=155"}],"version-history":[{"count":3,"href":"https:\/\/gj.derechomexico.com\/index.php\/wp-json\/wp\/v2\/pages\/155\/revisions"}],"predecessor-version":[{"id":159,"href":"https:\/\/gj.derechomexico.com\/index.php\/wp-json\/wp\/v2\/pages\/155\/revisions\/159"}],"wp:attachment":[{"href":"https:\/\/gj.derechomexico.com\/index.php\/wp-json\/wp\/v2\/media?parent=155"}],"curies":[{"name":"wp","href":"https:\/\/api.w.org\/{rel}","templated":true}]}}